 highest common divisor of a and 12.
12
Suppose 4*i = -y + 24, 14 = 3*i + 2. What is the highest common divisor of y and 40?
8
Let w be 6*(0 - 16/(-12)). Calculate the greatest common factor of 2 and w.
2
Let y be 2*(-45)/(-6) - 2. Let j be (-4113)/(-45) - (-8)/(-20). What is the greatest common factor of j and y?
13
Let u(s) = s**2 + 4*s - 4. Let n be u(-6). Let g = n - 0. Calculate the highest common divisor of 16 and g.
8
Suppose -2*o = 2*o - 12. Let f be o/(-9) - 127/(-3). What is the highest common factor of f and 6?
6
Let v = 6 + -4. Suppose -z + v + 0 = 0. What is the highest common factor of 1 and z?
1
Let h(d) = -d + 12. Let g be h(11). Let m be ((1*-4)/(-1))/g. Suppose m*z = 1 + 19. What is the greatest common factor of 15 and z?
5
Suppose -5*i = -q + 3, -2*i + 3 = q - 4*i. Suppose -2*t + 3*z + 344 - 140 = 0, -301 = -q*t + 2*z. Calculate the highest common factor of 9 and t.
9
Suppose -3*g - 17 = 4. Let p(y) = y**2 + 2*y - 8. Let o be p(g). Calculate the highest common divisor of 81 and o.
27
Let m be (-4)/(-6) - (-14)/(-21). Let x = m + 8. Let b be 0 + -1 + 66/2. What is the greatest common divisor of x and b?
8
Suppose -r - 85 = -3*a, -3*a + 69 + 41 = 4*r. What is the highest common factor of 12 and a?
6
Suppose 0 = -14*r + 15*r - 238. What is the greatest common factor of 34 and r?
34
Let k be 0 - (-22 - (-1 + 3)). Let h = -6 + 14. What is the greatest common divisor of k and h?
8
Suppose -2*o - 33 = -5*o. Suppose -5*l - 10 = 0, -4*a + 2*l + 1 = 13. Let q be 1/a + (-706)/(-8). Calculate the highest common factor of o and q.
11
Suppose -21*j - 238 = -23*j. Calculate the greatest common divisor of j and 17.
17
Let b = -3 + 4. Let k be 6/((-5)/3 + b). Let g be (3 - -1)*k/(-6). What is the highest common factor of g and 4?
2
Suppose -3*b - 199 = -2*p - 0*b, p - 99 = b. Calculate the highest common divisor of 7 and p.
7
Let o = -3 + 12. What is the highest common factor of 81 and o?
9
Suppose -3*n = 4*q, 4*q + n = -4*n - 8. Calculate the highest common divisor of q and 1.
1
Suppose -3*r - 47 = -q + r, 8 = 2*r. Calculate the highest common divisor of 7 and q.
7
Suppose -i - 2 = -0*i, 0 = 4*m + 3*i - 394. Calculate the highest common factor of 25 and m.
25
Suppose 10 + 2 = r. Suppose -40 = -n - 4*n. What is the greatest common divisor of n and r?
4
Let v(c) = c**2 - 4*c - 2. Let l be v(5). Let i = -14 - -17. What is the greatest common divisor of l and i?
3
Let s = -13 - -29. What is the highest common divisor of s and 80?
16
Suppose -x = 2*x - 2*o + 29, 4*x + 2*o = -34. Let c = x - -17. Suppose 3*f = -t + 43, 2*f + 6*t = 2*t + 12. What is the greatest common divisor of f and c?
8
Suppose 4*n - s - 41 = 0, 2*n + 5*s - 16 = -1. What is the highest common factor of 2 and n?
2
Let d = 4 - 2. Let t = 14 + -11. What is the highest common divisor of d and t?
1
Let c(p) be the first derivative of 7*p**2 - 2*p + 1. Let n be c(3). What is the greatest common divisor of n and 60?
20
Suppose -v + y - 19 = -117, 3*v = -5*y + 270. Suppose -a = 4*a - v. What is the greatest common divisor of 190 and a?
19
Suppose 0 = -3*f - 6, 0 = 3*m - 2*m - 2*f. Let u = 20 + m. Calculate the greatest common factor of u and 40.
8
Let b(g) = -38*g + 8. Let j be b(-4). Calculate the greatest common factor of 40 and j.
40
Suppose -4*h + 2*l - 5*l + 9 = 0, 3*h = 3*l + 12. What is the greatest common factor of h and 15?
3
Suppose 0 = t - 2 + 3. Let f be (-4 - 0/(-3))*t. Suppose 5*i = -f*k + 581, -2*k + 3*i + 289 = 4*i. Calculate the highest common divisor of 16 and k.
16
Let b be ((-2)/(-5))/((-3)/30). Let j be (-2)/b*(3 + -1). Calculate the greatest common divisor of j and 8.
1
Let c = -5 + 6. Let s(h) = 7*h**3 + h**2 - h + 1. Let a be s(1). Calculate the highest common divisor of c and a.
1
Let i(f) = -f + 1. Let p be i(-11). What is the greatest common divisor of p and 84?
12
Let v = 61 - 39. Suppose 0 = 2*z + 2*z + k - 49, z + 4 = 3*k. Calculate the greatest common factor of v and z.
11
Let d(t) be the second derivative of -t**3/2 - t**2 + 7*t. Let r be d(-1). What is the greatest common divisor of 9 and r?
1
Let g = -9 + 26. Let m(x) = -21*x - 15. Let n be m(-8). What is the greatest common factor of n and g?
17
Let r(c) = -c**2 - 16*c - 4. Let b be r(-15). What is the greatest common factor of 11 and b?
11
Let f be (-3 + 0)/1 + 13. Let m = f + 35. Suppose 4*i - 50 = -4*p + 14, 2*i = -4*p + 28. Calculate the highest common factor of i and m.
9
Let l be -1 + (2 - (0 + 1)). Let y(k) = k**2 + 4. Let f be y(l). Suppose -5*i + f = -1. Calculate the greatest common divisor of 11 and i.
1
Let z(c) = -3*c + 3. Let f = -4 + 9. Let r = f + -8. Let j be z(r). What is the highest common factor of 48 and j?
12
Let t be (0 - -40)/((-12)/(-24)). Calculate the greatest common divisor of 16 and t.
16
Let k be (-952)/(-35) - 2/10. Let b = k - 14. Calculate the greatest common factor of 117 and b.
13
Let r(k) = 6 - 1 + 8*k + 3*k - 4*k. Let z be r(5). What is the greatest common divisor of z and 60?
20
Suppose -c = 4*n - 99 - 49, -2*c = 3*n - 116. Calculate the greatest common divisor of 18 and n.
18
Let s be (-4)/24*-8*12. Suppose 0*k = -4*k + s. What is the greatest common factor of 2 and k?
2
Let q = 134 - 89. Calculate the greatest common divisor of q and 18.
9
Let h be (1/(-2))/((-2)/(-52)). Let s = 32 + h. What is the highest common divisor of 171 and s?
19
Suppose -2*v + 5*v - 6 = 0. Suppose -5*j = -66 - 34. What is the greatest common factor of v and j?
2
Let s(n) = 6*n. Let g be s(-6). Let c = 66 + g. Let y be (-4)/6*18/(-4). What is the greatest common factor of c and y?
3
Let b be (3 + 1 + -1)*24. Let d be (-6)/4 - (-190)/20. Calculate the greatest common factor of d and b.
8
Let n = 8 + 10. What is the greatest common factor of 18 and n?
18
Suppose 0 = 7*c + 39 - 795. Calculate the greatest common divisor of c and 36.
36
Suppose 5*y + 31 = 346. What is the highest common factor of 9 and y?
9
Let i(u) be the third derivative of u**4/24 - u**3/2 + 3*u**2. Let q be i(9). What is the highest common factor of 2 and q?
2
Let i(t) = -t**2 + 8*t - 3. Let o be (-90)/(-21) - (-8)/(-28). Let c be i(o). What is the greatest common factor of 130 and c?
13
Suppose -15 = -5*y + 25. Let v = 204 + -106. Suppose 22 = 5*k - v. Calculate the highest common divisor of k and y.
8
Let x(b) = b**3 + 0*b**2 - 3*b - 2 - b - b**2 + 4. Let q be x(3). Calculate the highest common factor of 72 and q.
8
Let t = 4 - 1. Let y = 2 + t. Suppose 2*q = -s + 11, y*q = -5*s + q + 25. What is the highest common factor of s and 9?
1
Let f = 92 - 77. Calculate the greatest common divisor of 3 and f.
3
Let w(g) = 2*g**2 - 4*g - 12. Let m be w(8). Suppose 0 = -3*z + 3, c + 4*c + 2*z = 242. Suppose -j - 3*j = -c. Calculate the greatest common divisor of m and j.
12
Suppose 4*j = 3*j + 657. Let f be (-1)/3 - j/(-27). What is the highest common factor of 48 and f?
24
Suppose -3*o + 9 = -4*o + 3*m, 3*o = m - 27. Suppose 3*s + 4*t - 96 = -t, -s = t - 32. Let a be o/(-2)*s/12. Calculate the greatest common divisor of 3 and a.
3
Let i = -84 + 140. Let s(u) = 2*u**2 + 12*u**2 + 0*u**2. Let p be s(-1). What is the greatest common divisor of p and i?
14
Suppose 4*y = d - 20, 5*d - 74 - 98 = 2*y. Suppose 4*o = 3*p + 17, 4*p + 32 + 8 = o. Let k = 13 - p. Calculate the highest common divisor of d and k.
12
Suppose -5*k = 7*w - 2*w - 55, 5*w = 2*k + 13. Calculate the greatest common divisor of 30 and k.
6
Suppose d - 5 = 5*r, 3*r - 36 + 11 = -5*d. Suppose r = 3*t + t - 16. What is the highest common factor of t and 6?
2
Suppose -y = -0*y - 45. Calculate the greatest common factor of 5 and y.
5
Suppose 3*z - 18 = 2*i, 41 = 5*z + 2*i + 11. Suppose 3*f + z = 0, -4*f + 9 - 23 = -v. Suppose g + 40 = v*g. Calculate the greatest common divisor of g and 64.
8
Let i be 6/(-3)*3/(-2). Suppose 3*a + t - 4 = 0, 8 + 6 = i*a - 4*t. Suppose 5 = a*h + 1. Calculate the greatest common factor of 14 and h.
2
Let i(n) = -3*n**3 - n**2. Let r be i(-1). Suppose 0 = -3*l + 8*l + 30. Let u be (-106)/l + (-2)/(-6). Calculate the highest common factor of r and u.
2
Suppose -5 + 0 = -5*s, 85 = 5*o - 5*s. Let x = o - 7. What is the highest common divisor of 88 and x?
11
Let w be (13/(-3) + 2)*-66. Suppose 0 = -59*r + 64*r - 70. What is the greatest commo